
-10 (base 2) to base 15
-2
Convert 2 (base 6) to base 15.
2
-1 (base 16) to base 5
-1
Convert -5 (base 9) to base 13.
-5
4 (base 12) to base 13
4
What is 1201 (base 3) in base 14?
34
Convert -3 (base 8) to base 10.
-3
Convert -155 (base 9) to base 2.
-10000011
What is -46 (base 8) in base 6?
-102
What is -15 (base 9) in base 15?
-e
Convert -4 (base 16) to base 11.
-4
Convert -15 (base 14) to base 8.
-23
What is 1101 (base 2) in base 15?
d
Convert 0 (base 10) to base 16.
0
Convert 46 (base 7) to base 5.
114
Convert -11 (base 2) to base 6.
-3
What is -38 (base 16) in base 13?
-44
Convert 2 (base 4) to base 11.
2
What is 11 (base 7) in base 9?
8
210 (base 3) to base 7
30
0 (base 11) to base 14
0
Convert 2432 (base 5) to base 11.
304
-3 (base 7) to base 6
-3
17 (base 9) to base 5
31
2 (base 14) to base 9
2
What is -10221 (base 3) in base 12?
-8a
What is a (base 16) in base 13?
a
-112 (base 14) to base 12
-158
What is -c (base 14) in base 13?
-c
Convert 2 (base 9) to base 12.
2
Convert 2 (base 5) to base 15.
2
Convert 8c (base 13) to base 15.
7b
13 (base 14) to base 11
16
Convert 11 (base 8) to base 3.
100
Convert 4 (base 10) to base 5.
4
-2 (base 14) to base 8
-2
What is 42 (base 5) in base 9?
24
10222 (base 3) to base 13
83
Convert -84 (base 16) to base 2.
-10000100
11 (base 3) to base 10
4
-3 (base 15) to base 13
-3
Convert -211 (base 8) to base 10.
-137
Convert 3 (base 15) to base 4.
3
What is 12 (base 3) in base 9?
5
-1413 (base 5) to base 6
-1025
What is -8 (base 13) in base 15?
-8
0 (base 16) to base 10
0
What is -1 (base 10) in base 13?
-1
8 (base 11) to base 14
8
5 (base 11) to base 4
11
-b0 (base 13) to base 2
-10001111
What is -113 (base 4) in base 7?
-32
-13 (base 4) to base 10
-7
-b (base 12) to base 13
-b
Convert 63 (base 7) to base 10.
45
Convert -120 (base 6) to base 5.
-143
-1 (base 15) to base 13
-1
Convert 10121 (base 3) to base 12.
81
4 (base 12) to base 10
4
108 (base 12) to base 13
b9
0 (base 6) to base 3
0
3b (base 12) to base 16
2f
Convert -13 (base 14) to base 3.
-122
1141 (base 5) to base 11
146
What is -d7 (base 16) in base 4?
-3113
What is -113 (base 15) in base 5?
-1433
Convert 31 (base 9) to base 16.
1c
Convert 4 (base 9) to base 8.
4
23 (base 5) to base 3
111
Convert -54 (base 6) to base 13.
-28
41 (base 13) to base 3
1222
-5 (base 10) to base 5
-10
211 (base 6) to base 10
79
Convert 10202 (base 3) to base 7.
203
What is 11 (base 2) in base 12?
3
Convert 0 (base 5) to base 8.
0
0 (base 10) to base 15
0
Convert -d (base 14) to base 6.
-21
What is 1b (base 15) in base 12?
22
What is -9 (base 15) in base 4?
-21
Convert -110 (base 12) to base 5.
-1111
What is -36 (base 11) in base 14?
-2b
Convert -3 (base 13) to base 8.
-3
1b (base 15) to base 5
101
Convert -7 (base 11) to base 10.
-7
What is -59 (base 12) in base 4?
-1011
-86 (base 14) to base 12
-9a
What is -201 (base 4) in base 12?
-29
Convert 153 (base 9) to base 11.
108
111111 (base 2) to base 11
58
Convert 21 (base 16) to base 5.
113
What is -1c (base 16) in base 13?
-22
8 (base 9) to base 2
1000
What is -1 (base 14) in base 7?
-1
Convert 354 (base 7) to base 14.
d4
What is -21 (base 7) in base 3?
-120
Convert -3 (base 5) to base 4.
-3
10011 (base 2) to base 6
31
What is -5 (base 13) in base 11?
-5
Convert 2 (base 5) to base 16.
2
6 (base 14) to base 6
10
1231 (base 4) to base 6
301
Convert 5 (base 12) to base 5.
10
What is -43 (base 9) in base 2?
-100111
Convert -8 (base 10) to base 12.
-8
-1421 (base 5) to base 12
-178
What is 61 (base 7) in base 2?
101011
Convert -265 (base 7) to base 13.
-b2
What is -1a (base 13) in base 14?
-19
What is -22 (base 4) in base 5?
-20
120 (base 5) to base 2
100011
Convert -3 (base 15) to base 12.
-3
Convert -51 (base 7) to base 9.
-40
Convert -16 (base 7) to base 14.
-d
-2 (base 9) to base 14
-2
c9 (base 14) to base 11
151
-3 (base 7) to base 10
-3
-1 (base 7) to base 4
-1
110101 (base 2) to base 4
311
Convert -5 (base 14) to base 15.
-5
d (base 16) to base 9
14
What is -40 (base 14) in base 13?
-44
-2 (base 13) to base 14
-2
Convert -1 (base 5) to base 10.
-1
3 (base 11) to base 5
3
Convert 11 (base 14) to base 6.
23
What is -14 (base 6) in base 15?
-a
What is -3 (base 4) in base 11?
-3
-34 (base 13) to base 15
-2d
Convert -1110 (base 2) to base 16.
-e
50 (base 6) to base 15
20
Convert 1 (base 7) to base 12.
1
-1102 (base 3) to base 7
-53
Convert 122 (base 4) to base 5.
101
What is 4 (base 7) in base 5?
4
3 (base 5) to base 10
3
Convert 44 (base 6) to base 9.
31
What is 0 (base 10) in base 14?
0
102 (base 3) to base 15
b
25 (base 7) to base 9
21
What is -11 (base 6) in base 2?
-111
What is 2 (base 15) in base 6?
2
Convert a (base 14) to base 13.
a
What is 1 (base 3) in base 9?
1
Convert -110 (base 4) to base 10.
-20
-2 (base 7) to base 11
-2
Convert 43 (base 8) to base 6.
55
-13 (base 12) to base 4
-33
-1ba (base 13) to base 10
-322
2 (base 3) to base 5
2
Convert -110 (base 3) to base 12.
-10
What is 197 (base 10) in base 16?
c5
Convert -94 (base 13) to base 5.
-441
Convert 21 (base 14) to base 5.
104
Convert -1430 (base 5) to base 15.
-110
Convert -b (base 15) to base 10.
-11
Convert -4 (base 14) to base 15.
-4
What is -11011 (base 2) in base 4?
-123
Convert -21 (base 4) to base 12.
-9
Convert -51 (base 9) to base 11.
-42
-7 (base 15) to base 8
-7
-4 (base 10) to base 15
-4
eb (base 15) to base 13
140
-39 (base 16) to base 13
-45
13 (base 11) to base 9
15
Convert -18 (base 9) to base 13.
-14
-37 (base 8) to base 15
-21
What is 11 (base 5) in base 8?
6
What is -10 (base 2) in base 9?
-2
Convert a (base 11) to base 3.
101
What is -3 (base 12) in base 11?
-3
What is -1 (base 3) in base 13?
-1
Convert -11100 (base 2) to base 13.
-22
Convert 7b (base 13) to base 11.
93
110 (base 2) to base 14
6
What is 1 (base 5) in base 16?
1
What is 40 (base 7) in base 16?
1c
-1 (base 8) to base 11
-1
What is -14 (base 10) in base 9?
-15
What is -2 (base 8) in base 2?
-10
Convert 5 (base 15) to base 16.
5
Convert 0 (base 8) to base 9.
0
-8 (base 9) to base 6
-12
-10 (base 2) to base 9
-2
What is 2 (base 8) in base 3?
2
-12 (base 9) to base 11
-10
Convert 3 (base 15) to base 13.
3
0 (base 8) to base 15
0
-16 (base 9) to base 13
-12
Convert 1101 (base 2) to base 8.
15
What is -35 (base 11) in base 3?
-1102
-99 (base 10) to base 5
-344
What is 1103 (base 4) in base 8?
123
What is 12 (base 5) in base 4?
13
What is 10 (base 7) in base 11?
7
-1 (base 16) to base 13
-1
-10d (base 14) to base 2
-11010001
What is -70 (base 13) in base 9?
-111
What is 18 (base 16) in base 3?
220
Convert 2 (base 6) to base 14.
2
20 (base 15) to base 4
132
What is 12 (base 11) in base 13?
10
Convert -3 (base 8) to base 5.
-3
Convert -1 (base 4) to base 6.
-1
What is 102 (base 15) in base 4?
3203
Convert 8 (base 13) to base 2.
1000
31 (base 12) to base 14
29
What is 25 (base 15) in base 5?
120
-67 (base 10) to base 16
-43
What is -1a (base 14) in base 7?
-33
-111 (base 2) to base 14
-7
Convert -10 (base 2) to base 15.
-2
What is 15 (base 8) in base 6?
21
What is 79 (base 14) in base 16?
6b
4 (base 14) to base 13
4
Convert -13 (base 7) to base 5.
-20
-3 (base 16) to base 11
-3
What is 26 (base 8) in base 10?
22
What is 107 (base 8) in base 6?
155
Convert 4 (base 5) to base 7.
4
Convert 2 (base 12) to base 6.
2
What is -1 (base 14) in base 6?
-1
3a (base 11) to base 14
31
-50 (base 7) to base 6
-55
10 (base 4) to base 15
4
What is 22 (base 12) in base 7?
35
Convert -13 (base 15) to base 12.
-16
Convert 54 (base 11) to base 8.
73
Convert -24 (base 8) to base 2.
-10100
Convert 327 (base 9) to base 7.
532
Convert 44 (base 8) to base 11.
33
12 (base 15) to base 5
32
13 (base 5) to base 15
8
Convert b (base 12) to base 11.
10
What is 2 (base 16) in base 2?
10
Convert 1b (base 12) to base 3.
212
Convert -430 (base 5) to base 3.
-11021
What is -b (base 12) in base 10?
-11
What is -9 (base 16) in base 5?
-14
4 (base 10) to base 3
11
-6 (base 15) to base 4
-12
-4 (base 11) to base 10
-4
What is 0 (base 6) in base 16?
0
a (base 15) to base 14
a
Convert 0 (base 14) to base 5.
0
5 (base 13) to base 6
5
What is 66 (base 16) in base 7?
204
32 (base 11) to base 12
2b
What is 2100 (base 4) in base 14?
a4
What is 26 (base 7) in base 13?
17
210 (base 3) to base 16
15
Convert 51 (base 6) to bas